{"id":83,"date":"2020-06-01T22:32:09","date_gmt":"2020-06-01T20:32:09","guid":{"rendered":"http:\/\/christelle-rosset.com\/?page_id=83"},"modified":"2023-05-08T12:58:20","modified_gmt":"2023-05-08T10:58:20","slug":"temoignages","status":"publish","type":"page","link":"https:\/\/christelle-rosset.com\/index.php\/temoignages\/","title":{"rendered":"T\u00e9moignages"},"content":{"rendered":"\n<div class=\"wp-block-group\"><div class=\"wp-block-group__inner-container is-layout-flow wp-block-group-is-layout-flow\">\n<div class=\"wp-block-media-text alignwide is-stacked-on-mobile is-vertically-aligned-center has-white-background-color has-background\"><figure class=\"wp-block-media-text__media\"><img loading=\"lazy\" decoding=\"async\" width=\"225\" height=\"300\" src=\"http:\/\/christelle-rosset.com\/wp-content\/uploads\/2020\/06\/gratitude-2-225x300.jpg\" alt=\"\" class=\"wp-image-220 size-full\" srcset=\"https:\/\/christelle-rosset.com\/wp-content\/uploads\/2020\/06\/gratitude-2-225x300.jpg 225w, https:\/\/christelle-rosset.com\/wp-content\/uploads\/2020\/06\/gratitude-2-768x1024.jpg 768w, https:\/\/christelle-rosset.com\/wp-content\/uploads\/2020\/06\/gratitude-2-1152x1536.jpg 1152w, https:\/\/christelle-rosset.com\/wp-content\/uploads\/2020\/06\/gratitude-2-1536x2048.jpg 1536w, https:\/\/christelle-rosset.com\/wp-content\/uploads\/2020\/06\/gratitude-2-900x1200.jpg 900w, https:\/\/christelle-rosset.com\/wp-content\/uploads\/2020\/06\/gratitude-2-1280x1707.jpg 1280w, https:\/\/christelle-rosset.com\/wp-content\/uploads\/2020\/06\/gratitude-2-rotated.jpg 1920w\" sizes=\"auto, (max-width: 225px) 100vw, 225px\" \/><\/figure><div class=\"wp-block-media-text__content\">\n<p><\/p>\n\n\n\n<h4 class=\"has-text-align-center has-black-color has-text-color wp-block-heading\">Une infinie gratitude pour votre confiance !<\/h4>\n\n\n\n<p><\/p>\n<\/div><\/div>\n<\/div><\/div>\n\n\n\n<p class=\"has-background\" style=\"background-color:#8bcd52\">J\u2019ai fait appel aux talents de Christelle suite \u00e0 un d\u00e9sordre de sommeil r\u00e9cent, de l\u2019ordre de la semaine. D\u00e8s mon arriv\u00e9e dans son cabinet je me suis senti envelopp\u00e9 d\u2019une grande douceur. Apr\u00e8s des \u00e9changes sur l\u2019objet de ma venue, nous avons d\u00e9but\u00e9 par une s\u00e9ance de m\u00e9ditation guid\u00e9e durant laquelle j\u2019ai \u00e9t\u00e9 amen\u00e9 \u00e0 revivre des moments et des \u00e9motions dont je ne soup\u00e7onnais l\u2019importance dans l\u2019origine de mes troubles du sommeil. La voix de Christelle se mue en un guide que l\u2019on se pla\u00eet \u00e0 \u00e9couter et \u00e0 suivre dans les m\u00e9andres de la pens\u00e9e. Le l\u00e2cher prise auquel nous sommes invit\u00e9 est lib\u00e9rateur, plaisant et ais\u00e9, y compris pour les personnes comme moi, ayant un grand besoin de contr\u00f4le. Paul<\/p>\n\n\n\n<p class=\"has-background\" style=\"background-color:#66c57d\"><em>Pour moi les diff\u00e9rents soins possibles m&rsquo;aident concr\u00e8tement dans ma vie quotidienne, me font tr\u00e8s clairement avancer dans mon d\u00e9veloppement personnel mais aussi spirituel. Je sens de plus en plus que, guid\u00e9e et accompagn\u00e9e par Christelle, par <strong>la m\u00e9ditation et les soins et nettoyages \u00e9nerg\u00e9tiques <\/strong>je gagne en puissance et en autonomie pour vivre mieux. J&rsquo;ai appris \u00e0 me faire plus <strong>confiance<\/strong>, \u00e0 m&rsquo;appuyer davantage sur <strong>mon intuition<\/strong> et \u00e0 communiquer de mani\u00e8re plus harmonieuse en me respectant et en respectant l&rsquo;autre. Je pense que je me connais mieux moi-m\u00eame. C&rsquo;est une belle aventure que je souhaite continuer. <\/em>                                                                                                                                                           St\u00e9phanie K.<\/p>\n\n\n\n<p class=\"has-background\" style=\"background-color:#8bcd52\"><em>Ce que j&rsquo;adore dans le travail avec Christelle c&rsquo;est son \u00e9coute, sa bienveillance et surtout, au-del\u00e0 de l&rsquo;<strong>apaisement <\/strong>que les soins procurent, le <strong>v\u00e9ritable apprentissage<\/strong> qu&rsquo;on obtient \u00e0 chaque s\u00e9ance. La sensation de lever les blocages, d&rsquo;avancer, de progresser. Je sens \u00e0 quel point, depuis le d\u00e9but, je vais vers de plus en plus d&rsquo;<strong>ancrage, de conscience et surtout d&rsquo;autonomie<\/strong> ! Merci infiniment pour ce cadeau.<\/em>                                                                                                      \u00c9liane<\/p>\n\n\n\n<p class=\"has-background\" style=\"background-color:#66c57d\"><em>Gr\u00e2ce aux s\u00e9ances de Christelle Rosset exploitant tour \u00e0 tour ou conjointement polarit\u00e9, reiki, m\u00e9ditation guid\u00e9e et d\u2019autres pratiques th\u00e9rapeutiques, j\u2019ai pu ressentir un <strong>apaisement de mes tensions <\/strong>et une am\u00e9lioration tr\u00e8s nette, voire la disparition, au bout d\u2019un certain temps, de plaques de <strong>psoriasis <\/strong>r\u00e9sistantes.<\/em>&nbsp;                                         Julie C.<\/p>\n\n\n\n<p class=\"has-background\" style=\"background-color:#8bcd52\"><em>Tes s\u00e9ances sont vraiment bien et font du bien&#8230;ton \u00e9coute, tes conseils et des soins permettent de prendre du temps pour soi et de se <strong>recentrer<\/strong>&#8230;.enfin pour moi ce fut une belle d\u00e9couverte et \u00e7a a \u00e9t\u00e9 b\u00e9n\u00e9fique&#8230;.encore merci.    <\/em>                                                                  Sarra<\/p>\n\n\n\n<p class=\"has-background\" style=\"background-color:#66c57d\"><em>Pendant ma s\u00e9ance de soins avec Christelle, \u00e0 laquelle j&rsquo;allais pourtant sans lui avoir parl\u00e9 de mes petits soucis de sant\u00e9, je me suis sentie incroyablement en confiance tout d&rsquo;abord, puis tout \u00e0 fait d\u00e9tendue pendant la s\u00e9ance, j&rsquo;ai ensuite \u00e9t\u00e9 plus qu&rsquo;\u00e9tonn\u00e9e qu&rsquo;elle trouve et me parle des deux points douloureux de mon corps ( cheville gauche et probl\u00e8me au rein ) . J&rsquo;ai effectivement de l&rsquo;arthrose dans la cheville gauche et une malformation r\u00e9nale dont je ne lui avais pas parl\u00e9 : la s\u00e9ance a ensuite \u00e9t\u00e9 un moment de retrouvailles avec une <strong>paix int\u00e9rieure <\/strong>souvent d\u00e9faillante chez moi. Je suis sortie de ces soins avec une douce sensation de flotter et une <strong>l\u00e9g\u00e8ret\u00e9 int\u00e9rieure <\/strong>dont j&rsquo;avais exactement besoin \u00e0 ce moment-l\u00e0.<\/em>           H\u00e9l\u00e8ne Cumin.&nbsp;<\/p>\n\n\n\n<p class=\"has-background\" style=\"background-color:#8bcd52\"><em>Christelle, J\u2019ai la chance de recevoir tes <strong>soins \u00e9nerg\u00e9tiques en pr\u00e9sentiel <\/strong>depuis un certain temps et chaque fois l\u2019\u00e9quilibre, l\u2019<strong>harmonisation<\/strong> et un sentiment de <strong>paix <\/strong>op\u00e8rent. La <strong>joie<\/strong> a alors le libre champ pour s\u2019exprimer plus grandement. <\/em>                                                                                                   <em>C\u2019est la qualit\u00e9 de tes soins mais avant tout, qui tu es, qui a permis, \u00e0 chaque rencontre, un mieux-\u00eatre et une conscience plus \u00e9clair\u00e9e Ce que j\u2019aime particuli\u00e8rement c\u2019est ta simplicit\u00e9, ta g\u00e9n\u00e9rosit\u00e9 et la l\u00e9g\u00e8ret\u00e9 joyeuse qui te caract\u00e9rise, ce talent naturel \u00e0 accompagner \u2026 A te voir agir, cela me donne le go\u00fbt du \u00ab&nbsp;tout est possible&nbsp;\u00bb, de la permission\u2026                                                                           Derni\u00e8rement,&nbsp; j\u2019ai b\u00e9n\u00e9fici\u00e9 d\u2019un de tes<strong> soins<\/strong>, mais cette fois, <strong>\u00e0 distance<\/strong>. Je ne cache pas que j\u2019\u00e9tais un peu sceptique. Tu m\u2019as enlev\u00e9 le doute. C\u2019\u00e9tait tr\u00e8s fort de ressentir des sensations physiques et de percevoir un mouvement \u00e9motionnel \u00e0 distance\u2026                                                                                                                  Un grand Merci Christelle, je suis Heureuse de t\u2019avoir rencontr\u00e9e<\/em>. Nora<\/p>\n\n\n\n<p class=\"has-background\" style=\"background-color:#66c57d\"><em>Que se soit lors de s\u00e9ances de <strong>m\u00e9ditations de groupe <\/strong>ou \u00e0 l&rsquo;occasion de soins <strong>\u00e9nerg\u00e9tiques individuels <\/strong>l&rsquo;attention de Christelle port\u00e9e \u00e0 chacun est la m\u00eame. Respectueuse des personnes, elle prend soin de nous laisser&nbsp; avancer chacun \u00e0 notre rythme et sans injonctions, ce qui est selon moi essentiel. Cela favorise un sentiment de confiance et de bien-\u00eatre qui aide \u00e0 recevoir tout le b\u00e9n\u00e9fice des soins. <\/em>                                                                      Anne <\/p>\n\n\n\n<p class=\"has-background\" style=\"background-color:#8bcd52\"><em>Les soins de Christelle sont remarquables \u00e0 plus d\u2019un titre. Par son \u00e9coute, le temps qu\u2019elle prend \u00e0 recevoir et \u00e0 analyser mes \u00ab\u00a0probl\u00e8mes\u00a0\u00bb, elle peut d\u00e9terminer avec une pr\u00e9cision saisissante le soin ou la m\u00e9thode les plus appropri\u00e9s \u00e0 leurs accompagnements et\/ou \u00e0 leur r\u00e9solution. D\u2019une honn\u00eatet\u00e9 sans faille et tr\u00e8s au clair sur un processus dont elle nie toute \u00ab\u00a0magie\u00a0\u00bb ou \u00ab\u00a0pouvoir personnel\u00a0\u00bb, elle rend palpable la notion de \u00ab\u00a0<strong>chemin de gu\u00e9rison<\/strong>\u00a0\u00bb, me permettant d\u2019appr\u00e9hender mes blocages \u00ab\u00a0profonds\u00a0\u00bb et mes croyances limitantes et de devenir pleinement acteur &#8211; responsable et conscient &#8211; de mon propre bien-\u00eatre. Plus qu\u2019un soin, c\u2019est donc une v\u00e9ritable \u00ab\u00a0lib\u00e9ration\u00a0\u00bb qu\u2019elle nous offre. Je lui en suis infiniment reconnaissant.\u00a0 \u00a0<\/em>                                                                 Thierry<\/p>\n\n\n\n<p class=\"has-background\" style=\"background-color:#66c57d\"><em>Christelle m\u2019a prodigu\u00e9 un <strong>soin \u00e0 distance <\/strong>de grande qualit\u00e9. Le soin a tout d\u2019abord eu un effet physique : une grande sensation de <strong>d\u00e9tente <\/strong>et de <strong>bien-\u00eatre<\/strong> imm\u00e9diats m\u2019a envahie. Puis gr\u00e2ce au dialogue qui a suivi le soin, c\u2019est vers un <strong>cheminement int\u00e9rieur<\/strong> que Christelle m\u2019a guid\u00e9e: laisser venir et accueillir les images, les mots, les ressentis pour enfin trouver la paix int\u00e9rieure.<\/em>                                               Jihane<\/p>\n\n\n\n<p class=\"has-background\" style=\"background-color:#8bcd52\">T\u00e9moignage re\u00e7u \u00e0 la suite de l&rsquo;atelier <strong>M\u00e9ditation et \u00c9nergie<\/strong> du 06.06.2020 sur SKYPE.                                                                                                <em>C\u2019\u00e9tait tr\u00e8s puissant. J\u2019ai eu la sensation d\u2019\u00eatre tr\u00e8s bien accueillie par toi et par le groupe. [&#8230;] Encore merci pour ce beau soin. Je me sens plus ancr\u00e9e et avec une joie paisible. <\/em>K.<\/p>\n\n\n\n<p class=\"has-background\" style=\"background-color:#66c57d\"><em>J&rsquo;ai re\u00e7u plusieurs types de soins donn\u00e9s par Christelle Rosset. A chaque fois j&rsquo;ai ressenti qu&rsquo;ils m&rsquo;avaient aid\u00e9 dans mon <strong>\u00e9volution <\/strong>et j&rsquo;ai toujours appr\u00e9ci\u00e9 le <strong>centrage<\/strong> de Christelle et sa g\u00e9n\u00e9rosit\u00e9 pendant ces soins.<\/em> Vincent R.<\/p>\n\n\n\n<p class=\"has-background\" style=\"background-color:#8bcd52\"><em>Je suis venue voir Christelle parce que je ne savais pour quelle raison j\u2019avais des <strong>douleurs dans le dos et au dessus des reins<\/strong>. Tr\u00e8s sensible \u00e0 la voix et aux mots, j\u2019ai parfois du mal \u00e0 l\u00e2cher prise. Par sa douceur, sa pr\u00e9cision et un je ne sais quoi qui lui est propre, Christelle a su m\u2019accompagner dans un voyage int\u00e9rieur \u00e0 la rencontre de ce que mon corps avait \u00e0 me dire. Je garde cette sensation de <strong>douceur et d\u2019amour inconditionnel<\/strong>. Quelle joie de se sentir mieux de l\u2019int\u00e9rieur ! Merci infiniment Christelle. <\/em>AIB<\/p>\n","protected":false},"excerpt":{"rendered":"<p>Une infinie gratitude pour votre confiance ! J\u2019ai fait appel aux talents de Christelle suite \u00e0 un d\u00e9sordre de sommeil r\u00e9cent, de l\u2019ordre de la semaine. D\u00e8s mon arriv\u00e9e dans son cabinet je me suis senti envelopp\u00e9 d\u2019une grande douceur. Apr\u00e8s des \u00e9changes sur l\u2019objet de ma venue, nous avons d\u00e9but\u00e9 par une s\u00e9ance de [&hellip;]<\/p>\n","protected":false},"author":1,"featured_media":0,"parent":0,"menu_order":0,"comment_status":"closed","ping_status":"closed","template":"","meta":{"footnotes":""},"class_list":["post-83","page","type-page","status-publish","hentry"],"_links":{"self":[{"href":"https:\/\/christelle-rosset.com\/index.php\/wp-json\/wp\/v2\/pages\/83","targetHints":{"allow":["GET"]}}],"collection":[{"href":"https:\/\/christelle-rosset.com\/index.php\/wp-json\/wp\/v2\/pages"}],"about":[{"href":"https:\/\/christelle-rosset.com\/index.php\/wp-json\/wp\/v2\/types\/page"}],"author":[{"embeddable":true,"href":"https:\/\/christelle-rosset.com\/index.php\/wp-json\/wp\/v2\/users\/1"}],"replies":[{"embeddable":true,"href":"https:\/\/christelle-rosset.com\/index.php\/wp-json\/wp\/v2\/comments?post=83"}],"version-history":[{"count":29,"href":"https:\/\/christelle-rosset.com\/index.php\/wp-json\/wp\/v2\/pages\/83\/revisions"}],"predecessor-version":[{"id":809,"href":"https:\/\/christelle-rosset.com\/index.php\/wp-json\/wp\/v2\/pages\/83\/revisions\/809"}],"wp:attachment":[{"href":"https:\/\/christelle-rosset.com\/index.php\/wp-json\/wp\/v2\/media?parent=83"}],"curies":[{"name":"wp","href":"https:\/\/api.w.org\/{rel}","templated":true}]}}