{"id":652,"date":"2021-10-26T15:19:21","date_gmt":"2021-10-26T13:19:21","guid":{"rendered":"http:\/\/christelle-rosset.com\/?page_id=652"},"modified":"2021-10-27T23:42:56","modified_gmt":"2021-10-27T21:42:56","slug":"est-ce-quun-soin-reiki-est-approprie-a-toutes-les-circonstances","status":"publish","type":"page","link":"https:\/\/christelle-rosset.com\/index.php\/est-ce-quun-soin-reiki-est-approprie-a-toutes-les-circonstances\/","title":{"rendered":"Est-ce qu\u2019un soin Reiki est appropri\u00e9 \u00e0 toutes les circonstances ?"},"content":{"rendered":"\n<p class=\"has-background\" style=\"background-color:#87d77e\"><em>Qu\u2019est-ce qu\u2019un soin Reiki&nbsp;? Est-ce qu\u2019un soin Reiki est appropri\u00e9 \u00e0 toutes les circonstances&nbsp;? Y a-t-il des cas o\u00f9 un soin Reiki n\u2019est pas appropri\u00e9&nbsp;?<\/em><\/p>\n\n\n\n<p>J\u2019entends parfois certain.e.s praticien.ne.s me dirent&nbsp;: dans telle situation, je ne fais pas de soin reiki, dans telle autre, je pense que la personne n\u2019est pas pr\u00eate \u00e0 recevoir un soin reiki (comme si elle n\u2019\u00e9tait pas assez avanc\u00e9e dans son chemin d\u2019\u00e9volution ou que c\u2019\u00e9tait trop puissant pour elle).<\/p>\n\n\n\n<p>Ce n\u2019est pas ma compr\u00e9hension du syst\u00e8me du Reiki.<\/p>\n\n\n\n<p class=\"has-background\" style=\"background-color:#87d77e\">Le reiki n&rsquo;est pas une technique de soin c&rsquo;est <strong>un art de vivre<\/strong>, l&rsquo;<strong>art de cultiver un \u00e9tat d&rsquo;esprit<\/strong>. C\u2019est pour cela qu\u2019<strong>il n\u2019est pas seulement destin\u00e9 aux praticien.ne.s de sant\u00e9 <\/strong>mais \u00e0 <strong>toute personne qui souhaite cheminer vers elle-m\u00eame.<\/strong><\/p>\n\n\n\n<p>De mani\u00e8re provocatrice, je dirais que les soins reiki, \u00e7a n\u2019existe pas. Personnellement, je ne fais pas de soins reiki.<\/p>\n\n\n\n<p>Ce que je veux dire par l\u00e0 c\u2019est que, ce qu\u2019on appelle un soin reiki, n\u2019a rien \u00e0 voir avec un protocole ou un type de soin sp\u00e9cifique comme lorsque l\u2019on distingue un massage ayurv\u00e9dique et un massage chinois, l\u2019acupuncture et le shiatsu.<\/p>\n\n\n\n<p>Pour moi un massage ayurv\u00e9dique peut se faire dans un \u00e9tat d\u2019esprit reiki, un massage chinois peut se faire dans un \u00e9tat d\u2019esprit reiki, une s\u00e9ance d\u2019acupuncture peut se faire dans un \u00e9tat d\u2019esprit reiki, une s\u00e9ance de shiatsu peut se faire dans un \u00e9tat d\u2019esprit reiki.<\/p>\n\n\n\n<p>J\u2019irais plus loin&nbsp;:<\/p>\n\n\n\n<ul class=\"wp-block-list\"><li>vendre des pommes de terre peut se faire dans un \u00e9tat d\u2019esprit reiki,<\/li><li>construire des maisons peut se faire dans un \u00e9tat d\u2019esprit reiki,<\/li><li>enseigner peut se faire dans un \u00e9tat d\u2019esprit reiki,<\/li><li>\u00e9couter un.e ami.e qui se confie peut se faire dans un \u00e9tat d\u2019esprit reiki,<\/li><li>manger peut se faire dans un \u00e9tat d\u2019esprit reiki,<\/li><li>vivre peut se faire dans un \u00e9tat d\u2019esprit reiki.<\/li><\/ul>\n\n\n\n<p class=\"has-background\" style=\"background-color:#87d77e\"><strong>Pour moi, pratiquer le syst\u00e8me du reiki&nbsp;: c\u2019est cultiver un \u00e9tat d\u2019\u00eatre o\u00f9 les voiles de la peur et de la col\u00e8re sont lev\u00e9s ou au moins mis \u00e0 jour, o\u00f9 on est dans un \u00e9tat de pr\u00e9sence et de disponibilit\u00e9 \u00e0 l\u2019autre, humble, authentique et plein de compassion&#8230; dans cet \u00e9tat, on peut ouvrir un espace de gu\u00e9rison \u00e0 l\u2019autre pour qu\u2019il se gu\u00e9risse lui-m\u00eame.<\/strong><\/p>\n\n\n\n<p>Quand je dis gu\u00e9rir, j\u2019entends : <\/p>\n\n\n\n<ul class=\"wp-block-list\"><li>vivre autrement ce qui nous met en d\u00e9s\u00e9quilibre<\/li><li>vivre avec ce qui est l\u00e0 parce que c\u2019est l\u00e0 plut\u00f4t que de r\u00e9sister et de renforcer notre souffrance<\/li><li> mieux comprendre les m\u00e9canismes qui ont provoqu\u00e9 une disharmonie au niveau physique, mental, \u00e9motionnel et\/ou spirituel (ce qui peut cr\u00e9er des maladies ou un mal-\u00eatre)<\/li><li>mieux nous comprendre pour pouvoir \u00e9voluer, pour pouvoir mettre en place des changements de vie qui favorisent notre bien \u00eatre et souvent alors notre sant\u00e9.&nbsp;<\/li><\/ul>\n\n\n\n<p>Autrement dit, je ne fais pas de \u00ab&nbsp;soins reiki&nbsp;\u00bb. <\/p>\n\n\n\n<p>Les personnes qui viennent \u00e0 moi, je les accompagne avec tous mes outils \u00e9nerg\u00e9tiques, nourrie de mon travail personnel, enrichie de toutes mes exp\u00e9rience de vie et des formations que j\u2019ai faites.<\/p>\n\n\n\n<p>Je mets au service de mes consultant.e.s les outils les plus appropri\u00e9s \u00e0 leur \u00e9volution et j\u2019essaye de le faire dans <strong>un \u00e9tat d\u2019esprit reiki<\/strong> c\u2019est-\u00e0-dire avec le plus de transparence possible, le plus de brillance possible, \u00e0 partir de mon \u00eatre authentique pour les aider \u00e0 d\u00e9ployer le leur. Rien de plus, rien de moins.<\/p>\n\n\n\n<p>Aussi, dans ce sens, les \u00ab&nbsp;soins reiki&nbsp;\u00bb sont appropri\u00e9s \u00e0 toute situation puisqu\u2019ils visent \u00e0 ce que les personnes re\u00e7oivent exactement ce dont elles ont besoin pour leur plus grand bien et le plus grand bien de tou.te.s. Avec cette intention claire et simple, mon ego et mon mental (qui pourraient avoir une id\u00e9e fauss\u00e9e de ce dont l\u2019autre a besoin) restent \u00e0 leur juste place.<\/p>\n\n\n\n<p class=\"has-background\" style=\"background-color:#87d77e\"><strong>Je ne fais pas de \u00ab&nbsp;soins reiki&nbsp;\u00bb \u00e0 proprement parler. Je SUIS le plus possible \u00ab&nbsp;reiki&nbsp;\u00bb dans le sens que j\u2019ai d\u00e9fini plus haut, et ce faisant j\u2019aide l\u2019autre \u00e0 ETRE ce qu\u2019il est vraiment, \u00e0 s\u2019en souvenir et ainsi \u00e0 mieux s\u2019accompagner et parfois m\u00eame \u00e0 se gu\u00e9rir.<\/strong><\/p>\n\n\n\n<p>Il est donc pour moi toujours appropri\u00e9 de recevoir un soin avec l\u2019\u00e9tat d\u2019esprit reiki (si la personne a exprim\u00e9 son consentement bien s\u00fbr cf article sur le consentement) puisque \u00ab&nbsp;reiki&nbsp;\u00bb signifie \u00e9nergie universelle\/spirituelle. Nous sommes fait de cette \u00e9nergie alors quel sens cela aurait-il de na pas pouvoir recevoir un soin qui met en mouvement l\u2019\u00e9nergie qui est notre essence&nbsp;m\u00eame?<\/p>\n\n\n\n<p>Pour finir, j\u2019insiste, si le syst\u00e8me du Reiki soutient particuli\u00e8rement celles et ceux qui soignent dans leur activit\u00e9 professionnelle, il les aide \u00e9galement dans leur vie personnelle (d\u2019ailleurs nous ne sommes pas des \u00eatres morcel\u00e9s, nous avons besoin que s\u2019harmonise en nous toutes nos facettes).<\/p>\n\n\n\n<p><strong>Le syst\u00e8me du Reiki et donc les soins faits dans l&rsquo;\u00e9tat d&rsquo;esprit Reiki sont b\u00e9n\u00e9fiques \u00e0 tous les humains qui souhaitent \u00e9voluer, gu\u00e9rir et retrouver qui ils sont vraiment<\/strong>. Je consid\u00e8rent donc qu&rsquo;ils sont appropri\u00e9s en toutes circonstances.<\/p>\n\n\n\n<p><\/p>\n","protected":false},"excerpt":{"rendered":"<p>Qu\u2019est-ce qu\u2019un soin Reiki&nbsp;? Est-ce qu\u2019un soin Reiki est appropri\u00e9 \u00e0 toutes les circonstances&nbsp;? Y a-t-il des cas o\u00f9 un soin Reiki n\u2019est pas appropri\u00e9&nbsp;? J\u2019entends parfois certain.e.s praticien.ne.s me dirent&nbsp;: dans telle situation, je ne fais pas de soin reiki, dans telle autre, je pense que la personne n\u2019est pas pr\u00eate \u00e0 recevoir un [&hellip;]<\/p>\n","protected":false},"author":1,"featured_media":0,"parent":0,"menu_order":0,"comment_status":"closed","ping_status":"closed","template":"","meta":{"footnotes":""},"class_list":["post-652","page","type-page","status-publish","hentry"],"_links":{"self":[{"href":"https:\/\/christelle-rosset.com\/index.php\/wp-json\/wp\/v2\/pages\/652","targetHints":{"allow":["GET"]}}],"collection":[{"href":"https:\/\/christelle-rosset.com\/index.php\/wp-json\/wp\/v2\/pages"}],"about":[{"href":"https:\/\/christelle-rosset.com\/index.php\/wp-json\/wp\/v2\/types\/page"}],"author":[{"embeddable":true,"href":"https:\/\/christelle-rosset.com\/index.php\/wp-json\/wp\/v2\/users\/1"}],"replies":[{"embeddable":true,"href":"https:\/\/christelle-rosset.com\/index.php\/wp-json\/wp\/v2\/comments?post=652"}],"version-history":[{"count":5,"href":"https:\/\/christelle-rosset.com\/index.php\/wp-json\/wp\/v2\/pages\/652\/revisions"}],"predecessor-version":[{"id":671,"href":"https:\/\/christelle-rosset.com\/index.php\/wp-json\/wp\/v2\/pages\/652\/revisions\/671"}],"wp:attachment":[{"href":"https:\/\/christelle-rosset.com\/index.php\/wp-json\/wp\/v2\/media?parent=652"}],"curies":[{"name":"wp","href":"https:\/\/api.w.org\/{rel}","templated":true}]}}