{"id":210,"date":"2020-06-12T18:52:35","date_gmt":"2020-06-12T16:52:35","guid":{"rendered":"http:\/\/christelle-rosset.com\/?page_id=210"},"modified":"2026-01-05T11:57:35","modified_gmt":"2026-01-05T10:57:35","slug":"qui-suis-je-2","status":"publish","type":"page","link":"https:\/\/christelle-rosset.com\/index.php\/qui-suis-je-2\/","title":{"rendered":"Accompagnement individuel"},"content":{"rendered":"\n<p class=\"has-text-align-center has-background\" style=\"background-color:#87d77e\"><strong>Ma d\u00e9marche<\/strong><\/p>\n\n\n\n<p>Pendant tr\u00e8s longtemps, j&rsquo;ai cherch\u00e9 des solutions \u00e0 mes probl\u00e8mes de sant\u00e9 ou \u00e0 mes difficult\u00e9s relationnelles<strong> \u00e0 l&rsquo;ext\u00e9rieur de moi <\/strong>jusqu&rsquo;\u00e0 ce que je d\u00e9couvre la m\u00e9ditation et les soins \u00e9nerg\u00e9tiques. Ces pratiques m&rsquo;ont davantage incit\u00e9e <strong>\u00e0 puiser en moi<\/strong> les ressources pour \u00ab\u00a0gu\u00e9rir\u00a0\u00bb. <\/p>\n\n\n\n<p class=\"has-text-align-left\"><strong>J&rsquo;ai repris la responsabilit\u00e9 de ma sant\u00e9 et de mon bien-\u00eatre et, avec elle, j&rsquo;ai renou\u00e9 avec mes capacit\u00e9s d&rsquo;auto-gu\u00e9rison.<\/strong><\/p>\n\n\n\n<p>Constatant les effets b\u00e9n\u00e9fiques de ces soins et m\u00e9thodes, j\u2019ai eu envie de comprendre \u00ab&nbsp;comment \u00e7a marchait&nbsp;\u00bb, de me former pour accompagner, soulager et transmettre \u00e0 mon tour ces pr\u00e9cieux enseignements.<\/p>\n\n\n\n<p>Au fond, <strong>ce que je vous propose, ce sont les outils qui m&rsquo;ont aid\u00e9e<\/strong> moi-m\u00eame \u00e0 mieux comprendre mes sympt\u00f4mes et leurs causes plurielles afin de les att\u00e9nuer voire de les faire dispara\u00eetre. Ces pratiques m&rsquo;ont permis <strong>d&rsquo;\u00eatre dans une meilleure sant\u00e9 globale, d&rsquo;\u00eatre plus en paix, d&rsquo;\u00e9voluer sur mon chemin de vie en \u00e9tant plus align\u00e9e avec ma v\u00e9ritable nature. <\/strong><\/p>\n\n\n\n<p>\u00c0 mon sens, c&rsquo;est cela, la v\u00e9ritable \u00ab\u00a0gu\u00e9rison\u00a0\u00bb : un alignement avec notre v\u00e9rit\u00e9 int\u00e9rieure. <\/p>\n\n\n\n<p>Les sympt\u00f4mes sont des messages de notre corps : ils nous indiquent que nous nous sommes \u00e9loign\u00e9.e.s de ce qui est vraiment bon et juste pour nous dans un ou plusieurs domaines de notre existence: travail, relations avec les autres, mode de vie, alimentation, croyances limitantes, addictions, etc. <\/p>\n\n\n\n<p class=\"has-text-align-center has-background\" style=\"background-color:#87d77e\"><strong>Mes accompagnements<\/strong> <\/p>\n\n\n\n<p>Je vous propose un accompagnement sur mesure en fonction de la probl\u00e9matique que vous souhaitez aborder, qu\u2019elle soit d\u2019ordre physique, mental ou psycho-\u00e9motionnel.<\/p>\n\n\n\n<p><strong>Certaines personnes imaginent que les soins \u00e9nerg\u00e9tiques sont un peu magiques et que seul.e le\/la praticien.ne agit. C\u2019est qu\u2019elles oublient \u00e0 quel point elles sont puissantes et combien leur bien-\u00eatre et leur sant\u00e9 sont de leur ressort.<\/strong><\/p>\n\n\n\n<p>Ma d\u00e9marche est de vous le rappeler et de vous guider pour que vous puissiez, chaque jour un peu plus, en faire l\u2019exp\u00e9rience concr\u00e8te.<\/p>\n\n\n\n<p>Je vous propose des accompagnements <strong>individuels<\/strong> et des accompagnements <strong>collectifs<\/strong> (formation \u00e0 la voie japonaise du Reiki, voir <a href=\"http:\/\/christelle-rosset.com\/index.php\/formation-au-reiki\/\">ici<\/a>)<\/p>\n\n\n\n<figure class=\"wp-block-image\"><img loading=\"lazy\" decoding=\"async\" width=\"1024\" height=\"768\" src=\"http:\/\/christelle-rosset.com\/wp-content\/uploads\/2020\/06\/P1060403-1024x768.jpg\" alt=\"\" class=\"wp-image-285\" srcset=\"https:\/\/christelle-rosset.com\/wp-content\/uploads\/2020\/06\/P1060403-1024x768.jpg 1024w, https:\/\/christelle-rosset.com\/wp-content\/uploads\/2020\/06\/P1060403-300x225.jpg 300w, https:\/\/christelle-rosset.com\/wp-content\/uploads\/2020\/06\/P1060403-768x576.jpg 768w, https:\/\/christelle-rosset.com\/wp-content\/uploads\/2020\/06\/P1060403-1536x1152.jpg 1536w, https:\/\/christelle-rosset.com\/wp-content\/uploads\/2020\/06\/P1060403-2048x1536.jpg 2048w, https:\/\/christelle-rosset.com\/wp-content\/uploads\/2020\/06\/P1060403-900x675.jpg 900w, https:\/\/christelle-rosset.com\/wp-content\/uploads\/2020\/06\/P1060403-1280x960.jpg 1280w\" sizes=\"auto, (max-width: 1024px) 100vw, 1024px\" \/><\/figure>\n\n\n\n<p>Chaque s\u00e9ance individuelle commence par un temps d\u2019entretien o\u00f9 nous convenons ensemble du soin le plus appropri\u00e9 pour vous.<\/p>\n\n\n\n<p>Voici, ci-dessous, quelques-unes des possibilit\u00e9s ; il n\u2019est pas rare d\u2019en conjuguer plusieurs dans une m\u00eame s\u00e9ance. Certains soins se font assis, d\u2019autres allong\u00e9s. Dans tous les cas, vous restez habill\u00e9.e.s.<\/p>\n\n\n\n<p class=\"has-text-align-center has-background\" style=\"background-color:#87d77e\"><strong>Mes outils <\/strong>(liste non exhaustive)<\/p>\n\n\n\n<ul class=\"wp-block-list\">\n<li>Harmonisation relationnelle (avec les autres ou avec une partie de soi).<\/li>\n\n\n\n<li>Lib\u00e9ration \u00e9motionnelle pour prendre conscience des anciens fonctionnements et transformer les croyances qui vous limitent.<\/li>\n\n\n\n<li>Enseignement d\u2019auto-soins pour vous aider \u00e0 vous accompagner vous-m\u00eame.<\/li>\n\n\n\n<li>Soin pr\u00e9ventif pour contribuer \u00e0 une bonne sant\u00e9 sur tous les plans.<\/li>\n\n\n\n<li>SoinS pour relancer, soutenir, r\u00e9g\u00e9n\u00e9rer votre \u00e9nergie vitale.<\/li>\n\n\n\n<li>Soins pour \u00e9quilibrer votre syst\u00e8me nerveux, digestifs..<\/li>\n\n\n\n<li>Constellation familiale et syst\u00e9mique.<\/li>\n<\/ul>\n\n\n\n<p class=\"has-background\" style=\"background-color:#87d77e\"><strong>S\u00e9ances en visioconf\u00e9rence pour \u00eatre soutenu.e sans se d\u00e9placer<\/strong><\/p>\n\n\n\n<ul class=\"wp-block-list\">\n<li>Des m\u00e9ditations guid\u00e9es individuelles sur mesure ( 45 min). \u00c0 la fois un moment pour vous et un soutien individualis\u00e9 pour entretenir votre motivation et vous aider \u00e0 aller plus loin dans votre pratique.\u00a0 Vous recevez \u00e9galement un soin \u00e9nerg\u00e9tique au cours de cette s\u00e9ance.<\/li>\n\n\n\n<li>Des s\u00e9ances d\u2019urgence  (45 \u2013 60 min) <strong>: <\/strong>un coup de fatigue, un coup de stress, une d\u00e9cision \u00e0 prendre, un besoin de clart\u00e9\u2026<\/li>\n<\/ul>\n\n\n\n<p class=\"has-text-align-center has-background\" style=\"background-color:#87d77e\"><strong>De combien de s\u00e9ances ai-je besoin?<\/strong><\/p>\n\n\n\n<p>C\u2019est tr\u00e8s variable selon les personnes et ce qui vous am\u00e8ne.<\/p>\n\n\n\n<p>Si vous souffrez de probl\u00e8mes chroniques, vous aurez besoin de plus de s\u00e9ances que si les \u00ab\u00a0sympt\u00f4mes\u00a0\u00bb viennent d\u2019appara\u00eetre. Certaines personnes d\u00e9cident de faire 3 ou 4 s\u00e9ances dans l\u2019ann\u00e9e en pr\u00e9vention. D\u2019autres souhaitent une s\u00e9ance par mois pour soutenir leur \u00e9nergie vitale et apprendre de nouvelles fa\u00e7ons de s\u2019accompagner. D\u2019autres encore viennent avec une probl\u00e9matique pr\u00e9cise (insomnie, psoriasis, mal \u00eatre au travail, probl\u00e8mes digestifs, d\u00e9pression, s\u00e9paration \u2026) et ont besoin de plusieurs s\u00e9ances pour \u00e0 la fois comprendre ce qui a pu g\u00e9n\u00e9rer ces inconforts, int\u00e9grer ce qui peut \u00eatre mis en place pour les r\u00e9duire et r\u00e9\u00e9quilibrer compl\u00e8tement leur syst\u00e8me.<\/p>\n\n\n\n<p>Lors de notre premi\u00e8re entrevue, je vous explique ce qui peut \u00eatre fait compte-tenu des circonstances. Nous nous mettons d\u2019accord sur le nombre de s\u00e9ances qui vous conviendrait <em>a priori <\/em>et nous faisons \u00e0 chaque fois un bilan pour voir ce qui bouge pour vous afin de v\u00e9rifier que vous vous rapprochez bien de votre objectif.<\/p>\n\n\n\n<p>Si au bout de 2 ou 3 s\u00e9ances vous ne remarquez vraiment aucune am\u00e9lioration, c\u2019est peut-\u00eatre que je ne suis pas la bonne personne pour vous accompagner et on en reste l\u00e0.<\/p>\n\n\n\n<p class=\"has-background\" style=\"background-color:#87d77e\"><strong>A quoi ressemble une s\u00e9ance? C\u2019est vous qui en parlez le mieux. <\/strong><\/p>\n\n\n\n<p>\u00ab\u00a0J\u2019ai fait appel aux talents de Christelle suite \u00e0 un d\u00e9sordre de sommeil r\u00e9cent, de l\u2019ordre de la semaine. D\u00e8s mon arriv\u00e9e dans son cabinet je me suis senti envelopp\u00e9 d\u2019une grande douceur.<\/p>\n\n\n\n<p>Apr\u00e8s des \u00e9changes sur l\u2019objet de ma venue, nous avons d\u00e9but\u00e9 par une s\u00e9ance de m\u00e9ditation guid\u00e9e durant laquelle j\u2019ai \u00e9t\u00e9 amen\u00e9 \u00e0 revivre des moments et des \u00e9motions dont je ne soup\u00e7onnais l\u2019importance dans l\u2019origine de mes troubles du sommeil.<\/p>\n\n\n\n<p>La voix de Christelle se mue en un guide que l\u2019on se pla\u00eet \u00e0 \u00e9couter et \u00e0 suivre dans les m\u00e9andres de la pens\u00e9e. Le l\u00e2cher prise auquel nous sommes invit\u00e9 est lib\u00e9rateur, plaisant et ais\u00e9, y compris pour les personnes comme moi, ayant un grand besoin de contr\u00f4le.<\/p>\n\n\n\n<p>La s\u00e9ance s\u2019est poursuivie avec un soin \u00e9nerg\u00e9tique, durant lequel je me suis allong\u00e9 sur une table de massage. Christelle a pratiqu\u00e9 de l\u2019imposition des mains. J\u2019ai \u00e9prouv\u00e9 alors un profond sentiment de bien \u00eatre. Dans un \u00e9tat entre sommeil et conscience mon esprit s\u2019est \u00e9vad\u00e9 et j\u2019ai senti ma fr\u00e9quence cardiaque ralentir.<\/p>\n\n\n\n<p>Je suis sorti du soin avec le sentiment d\u2019\u00eatre en paix avec moi m\u00eame ayant pu \u00e9couter et comprendre le message que souhaitait me d\u00e9livrer mes voix int\u00e9rieures. Je r\u00e9dige ce t\u00e9moignage une semaine apr\u00e8s le soin que j\u2019ai re\u00e7u et je ne peux m\u2019emp\u00eacher de sourire\u2026 vivement la prochaine fois!&nbsp;\u00ab\u00a0<\/p>\n\n\n\n<p>(s\u00e9ance d\u20191h30 en cabinet)<\/p>\n\n\n\n<p class=\"has-background\" style=\"background-color:#87d77e\"><strong>Les b\u00e9n\u00e9fices d&rsquo;un accompagnement au long cours&#8230; parce que Rome ne s&rsquo;est pas faite en un jour.<\/strong><\/p>\n\n\n\n<p>Depuis 5 ans, Christelle m\u2019accompagne\u2026 avec une touche de magie. Curieuse et engag\u00e9e dans son \u00e9volution professionnelle, elle combine diff\u00e9rents outils qui m\u2019aident \u00e0 prendre conscience, lib\u00e9rer et transformer.Dans le respect de mon libre arbitre, elle me permet de prendre toute ma place. Ce chemin n\u2019est pas celui de la \u201cgu\u00e9rison\u201d, mais de la reconnexion \u00e0 qui je suis vraiment. <\/p>\n\n\n\n<p class=\"has-text-align-center has-background\" style=\"background-color:#87d77e\"><strong>Mes &nbsp;tarifs<\/strong><\/p>\n\n\n\n<ul class=\"wp-block-list\">\n<li>En visioconf\u00e9rence sur Skype ou en pr\u00e9sentiel dans mon cabinet \u00e0 Paris 18e.<\/li>\n\n\n\n<li>S\u00e9ance de 45 min(uniquement en visio): 60 euros*<\/li>\n\n\n\n<li>S\u00e9ance de 1h : 80 euros* (70e  si accompagnement, min 3 s\u00e9ances)<\/li>\n\n\n\n<li>S\u00e9ance de 1h15: 90 euros* (80e si accompagnement, min 3 s\u00e9ances)<\/li>\n\n\n\n<li>S\u00e9ance de 1h30 : 100 euros* (90e si accompagnement, min 3 s\u00e9ances)<\/li>\n\n\n\n<li>S\u00e9ance de 2h : 130 euros* (120e si accompagnement, min 3 s\u00e9ances)<\/li>\n\n\n\n<li>1\u00e8re s\u00e9ance : toujours 1h30 \u00e0 100e (sauf si accompagnement choisi)<\/li>\n<\/ul>\n\n\n\n<p>* Tarifs applicables jusqu\u2019en juin 2026.<\/p>\n\n\n\n<p class=\"has-text-align-center has-background\" style=\"background-color:#87d77e\"><strong>Pour prendre un RDV<\/strong><\/p>\n\n\n\n<p>Merci de me joindre au: 06.70.77.34.29<\/p>\n\n\n\n<p><em>Mon accompagnement et mes soins ne sont en aucun cas d\u2019ordre m\u00e9dical. En revanche, ils peuvent \u00eatre suivis en compl\u00e9ment des prescriptions de votre m\u00e9decin<\/em> et sont soumis \u00e0 la m\u00eame confidentialit\u00e9.<\/p>\n\n\n\n<p class=\"has-text-align-center has-background\" style=\"background-color:#87d77e\"><strong>Mes  principales formations<\/strong><\/p>\n\n\n\n<p>Cela fait maintenant plus de dix ans que je me forme \u00e0 diff\u00e9rentes pratiques pour accompagner mes consultant.e.s. Toutes m&rsquo;ont enrichie et, d\u00e9sormais, c\u2019est comme si j&rsquo;avais une grande bo\u00eete \u00e0 outils qui sert au mieux ce qui est vivant et n\u00e9cessaire \u00e0 l&rsquo;instant. Je vous en pr\u00e9sente ici trois qui rendent compte de l&rsquo;\u00e9tat d&rsquo;esprit de mes soins.<\/p>\n\n\n\n<p>Dans un premier temps, je me suis form\u00e9e \u00e0 la Polarit\u00e9, fond\u00e9e par Randolph Stone. Cette approche qui s&rsquo;inspire de l&rsquo;Ayurveda s&rsquo;appuie sur le r\u00e9-\u00e9quilibrage des syst\u00e8mes du corps humain (syst\u00e8me nerveux, digestif, g\u00e9nito-urinaire, respiratoire et circulatoire). Ce que j&rsquo;aime dans cette m\u00e9thode c&rsquo;est qu&rsquo;elle propose \u00e9galement toute une gamme d&rsquo;auto-soins pour vous permettre d&rsquo;entretenir les bienfaits des s\u00e9ances en toute autonomie chez vous.<\/p>\n\n\n\n<p>Pour compl\u00e9ter cette approche, approfondir mon ressenti \u00e9nerg\u00e9tique et satisfaire une dimension plus spirituelle, je suis devenue <a href=\"http:\/\/christelle-rosset.com\/index.php\/formation-au-reiki\/\">Ma\u00eetre-Enseignante Reiki<\/a>, ce qui me permet \u00e0 la fois de proposer des soins mais aussi de vous enseigner et de vous transmettre ce beau syst\u00e8me fond\u00e9 par Mikao Usui. (Pour en savoir plus, consultez la page <a href=\"http:\/\/christelle-rosset.com\/index.php\/formation-au-reiki\/\">Formation au Reiki<\/a>) Le Reiki est connu pour \u00eatre une m\u00e9thode de soin \u00e9nerg\u00e9tique. C\u2019est vrai mais c\u2019est tellement plus que cela. Pour moi, c\u2019est avant tout une philosophie de vie, un syst\u00e8me qui nous propose des outils (m\u00e9ditations, initiations, pr\u00e9ceptes, mantras pour ne citer que ceux-l\u00e0) pour (re)d\u00e9couvrir la v\u00e9rit\u00e9 de qui nous sommes vraiment et ainsi \u00eatre moins en col\u00e8re, moins en souci, plus authentique et plein.e de compassion. C\u2019est ainsi, et seulement ainsi, que nous pouvons esp\u00e9rer alors aider les autres \u00e0 retrouver, r\u00e9g\u00e9n\u00e9rer, faire rayonner leur propre lumi\u00e8re en leur faisant \u2013 \u00e9ventuellement \u2013 des soins. Ce que j&rsquo;aime dans la pratique du Reiki c\u2019est qu&rsquo;elle permet de retrouver notre propre puissance pour prendre soin de nos pens\u00e9es, de \u00e9motions et donc de notre \u00e9nergie vitale. <\/p>\n\n\n\n<p>Afin d&rsquo;all\u00e9ger le syst\u00e8me familial et transg\u00e9n\u00e9rationnel qui p\u00e8se parfois (in)consciemment sur nos vies, je me suis \u00e9galement form\u00e9e pour mener des constellations familiales en individuel et en groupe. En faisant face \u00e0 la v\u00e9rit\u00e9 de notre v\u00e9cu ou de celui de nos anc\u00eatres, sans changer notre pass\u00e9, nous apprenons \u00e0 l&rsquo;accepter pour aller plus sereinement et plus sainement de l&rsquo;avant. Nous repartons avec un syst\u00e8me plus harmonieux et des fondations plus solides.<\/p>\n\n\n\n<p>Cela vient compl\u00e9ter avantageusement le travail sur l&rsquo;enfant int\u00e9rieur, les lib\u00e9rations \u00e9motionnelles et les harmonisations relationnelles que vous exp\u00e9rimentez en s\u00e9ance et que vous pouvez vous approprier pour les revivre, chez vous, en toute autonomie.<\/p>\n\n\n\n<p>Je dirai aussi et surtout, qu&rsquo;au-del\u00e0 des formations pass\u00e9es et \u00e0 venir, c&rsquo;est mon propre parcours de vie que je mets \u00e0 votre service. Je vous offre l&rsquo;\u00e9coute et l&rsquo;attention que j&rsquo;aurais aim\u00e9 avoir dans ces p\u00e9riodes o\u00f9 je me suis sentie si vuln\u00e9rable et o\u00f9 les approches propos\u00e9es ne prenaient pas en compte tous les plans de l&rsquo;\u00eatre. <\/p>\n\n\n\n<p>Apr\u00e8s dix ans d&rsquo;exp\u00e9rience dans l&rsquo;accompagnement, je sais que nous avons besoin de relier le plan physique, \u00e9motionnel, mental et spirituel si nous voulons prendre soin de nous en profondeur et avancer avec plus de joie et de paix dans nos vies. C\u2019est ma proposition.<\/p>\n\n\n\n<p class=\"has-text-align-center has-background\" style=\"background-color:#87d77e\"><strong>Charte de d\u00e9ontologie<\/strong><\/p>\n\n\n\n<ol class=\"wp-block-list\">\n<li>Je ne formule pas de diagnostic et je ne fais pas suspendre un traitement m\u00e9dical en cours.&nbsp;<\/li>\n\n\n\n<li> Si j\u2019\u00e9value que l\u2019\u00e9tat de mon.ma consultant.e n\u00e9cessite une autre prise en charge, je n\u2019h\u00e9site pas \u00e0 l\u2019adresser \u00e0 son m\u00e9decin.&nbsp;<\/li>\n\n\n\n<li>Je respecte le secret professionnel et j\u2019observe la plus grande discr\u00e9tion en toutes circonstances.&nbsp;<\/li>\n\n\n\n<li>Je continue de me former et je suis supervis\u00e9e moi-m\u00eame afin de vous apporter les meilleurs soins possibles.<\/li>\n\n\n\n<li>J&rsquo;assure l&rsquo;hygi\u00e8ne et le confort des soins.<\/li>\n<\/ol>\n","protected":false},"excerpt":{"rendered":"<p>Ma d\u00e9marche Pendant tr\u00e8s longtemps, j&rsquo;ai cherch\u00e9 des solutions \u00e0 mes probl\u00e8mes de sant\u00e9 ou \u00e0 mes difficult\u00e9s relationnelles \u00e0 l&rsquo;ext\u00e9rieur de moi jusqu&rsquo;\u00e0 ce que je d\u00e9couvre la m\u00e9ditation et les soins \u00e9nerg\u00e9tiques. Ces pratiques m&rsquo;ont davantage incit\u00e9e \u00e0 puiser en moi les ressources pour \u00ab\u00a0gu\u00e9rir\u00a0\u00bb. J&rsquo;ai repris la responsabilit\u00e9 de ma sant\u00e9 et [&hellip;]<\/p>\n","protected":false},"author":1,"featured_media":0,"parent":0,"menu_order":0,"comment_status":"closed","ping_status":"closed","template":"","meta":{"footnotes":""},"class_list":["post-210","page","type-page","status-publish","hentry"],"_links":{"self":[{"href":"https:\/\/christelle-rosset.com\/index.php\/wp-json\/wp\/v2\/pages\/210","targetHints":{"allow":["GET"]}}],"collection":[{"href":"https:\/\/christelle-rosset.com\/index.php\/wp-json\/wp\/v2\/pages"}],"about":[{"href":"https:\/\/christelle-rosset.com\/index.php\/wp-json\/wp\/v2\/types\/page"}],"author":[{"embeddable":true,"href":"https:\/\/christelle-rosset.com\/index.php\/wp-json\/wp\/v2\/users\/1"}],"replies":[{"embeddable":true,"href":"https:\/\/christelle-rosset.com\/index.php\/wp-json\/wp\/v2\/comments?post=210"}],"version-history":[{"count":62,"href":"https:\/\/christelle-rosset.com\/index.php\/wp-json\/wp\/v2\/pages\/210\/revisions"}],"predecessor-version":[{"id":920,"href":"https:\/\/christelle-rosset.com\/index.php\/wp-json\/wp\/v2\/pages\/210\/revisions\/920"}],"wp:attachment":[{"href":"https:\/\/christelle-rosset.com\/index.php\/wp-json\/wp\/v2\/media?parent=210"}],"curies":[{"name":"wp","href":"https:\/\/api.w.org\/{rel}","templated":true}]}}