{"id":146,"date":"2020-06-12T11:57:27","date_gmt":"2020-06-12T09:57:27","guid":{"rendered":"http:\/\/christelle-rosset.com\/?page_id=146"},"modified":"2020-09-14T16:03:47","modified_gmt":"2020-09-14T14:03:47","slug":"ateliers","status":"publish","type":"page","link":"https:\/\/christelle-rosset.com\/index.php\/ateliers\/","title":{"rendered":"M\u00e9ditation et \u00c9nergie"},"content":{"rendered":"\n<p>Je vous propose chaque mois des ateliers sur des th\u00e9matiques pr\u00e9cises pour d\u00e9couvrir (ou approfondir) la pratique de la m\u00e9ditation et des soins \u00e9nerg\u00e9tiques. <\/p>\n\n\n\n<p>Ce sont de v\u00e9ritables mini-formations dans lesquelles je partage avec vous les outils qui m&rsquo;ont aid\u00e9e \u00e0 m\u00e9diter, \u00e0 \u00eatre plus en paix et en meilleure sant\u00e9.<\/p>\n\n\n\n<figure class=\"wp-block-image size-large is-resized\"><img loading=\"lazy\" decoding=\"async\" src=\"http:\/\/christelle-rosset.com\/wp-content\/uploads\/2020\/06\/P1050197-1024x768.jpg\" alt=\"\" class=\"wp-image-163\" width=\"596\" height=\"445\"\/><\/figure>\n\n\n\n<p style=\"background-color:#87d77e\" class=\"has-text-color has-background has-black-color\"><strong>Quel est le programme<\/strong> ?<\/p>\n\n\n\n<ul class=\"wp-block-list\"><li>Des m\u00e9ditations guid\u00e9es,<\/li><li>Des connaissances th\u00e9oriques et pratiques sur les principales lois \u00e9nerg\u00e9tiques,<\/li><li>Un soin d\u2019harmonisation \u00e9nerg\u00e9tique pour soutenir votre pratique.<\/li><\/ul>\n\n\n\n<p style=\"background-color:#87d77e\" class=\"has-text-color has-background has-black-color\"><strong>Dans quel but ?<\/strong><\/p>\n\n\n\n<ul class=\"wp-block-list\"><li>Apprendre \u00e0 m\u00e9diter \u00e0 votre fa\u00e7on,<\/li><li>Apprendre \u00e0 observer vos pens\u00e9es et \u00e0 les transformer,<\/li><li>D\u00e9couvrir les principales lois \u00e9nerg\u00e9tiques pour mieux comprendre les effets et l&rsquo;int\u00e9r\u00eat de la m\u00e9ditation et des soins \u00e9nerg\u00e9tiques.<\/li><\/ul>\n\n\n\n<p style=\"background-color:#87d77e\" class=\"has-text-color has-background has-black-color\"><strong>Pour quels b\u00e9n\u00e9fices<\/strong> ?<\/p>\n\n\n\n<ul class=\"wp-block-list\"><li>Plus de paix,<\/li><li>Plus d\u2019\u00e9nergie,<\/li><li>Donc une meilleure sant\u00e9, plus de joie et de l\u00e9g\u00e8ret\u00e9\u2026<\/li><\/ul>\n\n\n\n<p style=\"background-color:#87d77e\" class=\"has-text-color has-background has-black-color\"><strong>Est-ce pour moi ?<\/strong><\/p>\n\n\n\n<ul class=\"wp-block-list\"><li>Je vous propose des outils simples, concrets, efficaces et facilement r\u00e9utilisables chez vous, peu importe que vous ayez d\u00e9j\u00e0 ou non une pratique personnelle.<\/li><li>La pratique collective soutient, renforce et motive la pratique individuelle.<\/li><\/ul>\n\n\n\n<p style=\"background-color:#87d77e\" class=\"has-text-color has-background has-black-color\"><strong>Quels th\u00e8mes sont trait\u00e9s ?<\/strong> (liste non exhaustive des th\u00e8mes trait\u00e9s derni\u00e8rement)<\/p>\n\n\n\n<ul class=\"wp-block-list\"><li>Je prends conscience de mes pens\u00e9es pour mieux les transformer,<\/li><li>J&rsquo;apprends \u00e0 observer, accepter et m\u00eames aimer toutes mes pens\u00e9es,<\/li><li>J&rsquo;accueille mes peurs pour mieux les transformer,<\/li><li>J\u2019habite compl\u00e8tement mon corps et je l&rsquo;honore.<\/li><li>Je m&rsquo;enracine pour ne pas \u00eatre emport\u00e9.e quelles que soient les temp\u00eates (ext\u00e9rieures et\/ou int\u00e9rieures).<\/li><li>J&rsquo;augmente mon taux vibratoire pour une meilleure sant\u00e9 physique, psycho-\u00e9motionnel et mentale,<\/li><li>Je me connecte \u00e0 la Nature en me connectant \u00e0 ma propre nature,<\/li><li>J&rsquo;accepte de m&rsquo;incarner sur terre et j&rsquo;apprends \u00e0 m&rsquo;y sentir en s\u00e9curit\u00e9.<\/li><li>Je me centre et distingue ce qui m&rsquo;appartient et ce qui appartient aux autres.<\/li><\/ul>\n\n\n\n<p style=\"background-color:#87d77e\" class=\"has-text-color has-background has-black-color\"><strong> Quelles sont les modalit\u00e9s ?<\/strong><\/p>\n\n\n\n<ul class=\"wp-block-list\"><li>Petit groupe: maximum 8\/10 personnes,<\/li><li>Atelier de 2h: 30 euros,<\/li><li>Atelier de 3h: 45 euros,<\/li><li>En distanciel via SKYPE,<\/li><li>En pr\u00e9sentiel PARIS 18e.<\/li><\/ul>\n\n\n\n<p style=\"background-color:#87d77e\" class=\"has-background has-text-align-left\"><strong>M\u00e9ditation guid\u00e9e individuelle en visioconf\u00e9rence (30 min)<\/strong><\/p>\n\n\n\n<p>\u00c0 la fois un moment pour vous et un soutien individualis\u00e9 pour entretenir votre motivation et vous aider \u00e0 aller plus loin dans votre pratique.&nbsp; Vous recevez \u00e9galement un soin \u00e9nerg\u00e9tique au cours de cette s\u00e9ance.<\/p>\n\n\n\n<p>Tarif: 35 euros<\/p>\n\n\n\n<p><\/p>\n","protected":false},"excerpt":{"rendered":"<p>Je vous propose chaque mois des ateliers sur des th\u00e9matiques pr\u00e9cises pour d\u00e9couvrir (ou approfondir) la pratique de la m\u00e9ditation et des soins \u00e9nerg\u00e9tiques. Ce sont de v\u00e9ritables mini-formations dans lesquelles je partage avec vous les outils qui m&rsquo;ont aid\u00e9e \u00e0 m\u00e9diter, \u00e0 \u00eatre plus en paix et en meilleure sant\u00e9. Quel est le programme [&hellip;]<\/p>\n","protected":false},"author":1,"featured_media":0,"parent":0,"menu_order":0,"comment_status":"closed","ping_status":"closed","template":"","meta":{"footnotes":""},"class_list":["post-146","page","type-page","status-publish","hentry"],"_links":{"self":[{"href":"https:\/\/christelle-rosset.com\/index.php\/wp-json\/wp\/v2\/pages\/146","targetHints":{"allow":["GET"]}}],"collection":[{"href":"https:\/\/christelle-rosset.com\/index.php\/wp-json\/wp\/v2\/pages"}],"about":[{"href":"https:\/\/christelle-rosset.com\/index.php\/wp-json\/wp\/v2\/types\/page"}],"author":[{"embeddable":true,"href":"https:\/\/christelle-rosset.com\/index.php\/wp-json\/wp\/v2\/users\/1"}],"replies":[{"embeddable":true,"href":"https:\/\/christelle-rosset.com\/index.php\/wp-json\/wp\/v2\/comments?post=146"}],"version-history":[{"count":20,"href":"https:\/\/christelle-rosset.com\/index.php\/wp-json\/wp\/v2\/pages\/146\/revisions"}],"predecessor-version":[{"id":602,"href":"https:\/\/christelle-rosset.com\/index.php\/wp-json\/wp\/v2\/pages\/146\/revisions\/602"}],"wp:attachment":[{"href":"https:\/\/christelle-rosset.com\/index.php\/wp-json\/wp\/v2\/media?parent=146"}],"curies":[{"name":"wp","href":"https:\/\/api.w.org\/{rel}","templated":true}]}}